{"id":58,"date":"2022-12-07T18:38:27","date_gmt":"2022-12-07T17:38:27","guid":{"rendered":"https:\/\/consportoalegre.esteri.it\/?page_id=58"},"modified":"2026-08-25T16:59:17","modified_gmt":"2026-08-25T14:59:17","slug":"il-console-generale","status":"publish","type":"page","link":"https:\/\/consportoalegre.esteri.it\/it\/chi-siamo\/il-console-generale\/","title":{"rendered":"Il Console Generale"},"content":{"rendered":"<p><strong>Luis Cavalieri<\/strong><\/p>\n<p>Nato a San Paolo il 22 febbraio 1969, si \u00e8 laureato in Scienze Politiche all&#8217;Universit\u00e0 degli Studi di Perugia, specializzandosi in relazioni internazionali. \u00c8 entrato nel servizio diplomatico nel 2002. A Roma ha prestato servizio presso la Direzione Generale per l&#8217;Integrazione Europea (DGIE), la Direzione Generale per le Americhe (DGAM), la Direzione Generale per la Globalizzazione e le Questioni Globali (DGMO) e la Direzione Generale per l&#8217;Africa, l&#8217;Asia e l&#8217;America Latina (DGAAAO). \u00c8 stato Capo della Segreteria del Vice Ministro. Il suo ultimo incarico a Roma \u00e8 stato quello di coordinatore dei processi multilaterali in America Latina. All&#8217;estero, \u00e8 stato Secondo Segretario a Maputo (Mozambico), Console Aggiunto a Caracas (Venezuela), Primo Segretario e Vice Capo Missione a Montevideo (Uruguay), Consigliere a Madrid (Spagna) e Console Generale a Colonia (Germania) e, dal 24 agosto 2026, Console Generale a Porto Alegre.<\/p>\n","protected":false},"excerpt":{"rendered":"Luis Cavalieri Nato a San Paolo il 22 febbraio 1969, si \u00e8 laureato in Scienze Politiche all&#8217;Universit\u00e0 degli Studi di Perugia, specializzandosi in relazioni internazionali. \u00c8 entrato nel servizio diplomatico nel 2002. A Roma ha prestato servizio presso la Direzione Generale per l&#8217;Integrazione Europea (DGIE), la Direzione Generale per le Americhe (DGAM), la Direzione Generale [&hellip;]","protected":false},"author":3,"featured_media":0,"parent":10,"menu_order":0,"comment_status":"closed","ping_status":"closed","template":"","meta":{"footnotes":""},"class_list":["post-58","page","type-page","status-publish","hentry"],"_links":{"self":[{"href":"https:\/\/consportoalegre.esteri.it\/it\/wp-json\/wp\/v2\/pages\/58","targetHints":{"allow":["GET"]}}],"collection":[{"href":"https:\/\/consportoalegre.esteri.it\/it\/wp-json\/wp\/v2\/pages"}],"about":[{"href":"https:\/\/consportoalegre.esteri.it\/it\/wp-json\/wp\/v2\/types\/page"}],"author":[{"embeddable":true,"href":"https:\/\/consportoalegre.esteri.it\/it\/wp-json\/wp\/v2\/users\/3"}],"replies":[{"embeddable":true,"href":"https:\/\/consportoalegre.esteri.it\/it\/wp-json\/wp\/v2\/comments?post=58"}],"version-history":[{"count":4,"href":"https:\/\/consportoalegre.esteri.it\/it\/wp-json\/wp\/v2\/pages\/58\/revisions"}],"predecessor-version":[{"id":6021,"href":"https:\/\/consportoalegre.esteri.it\/it\/wp-json\/wp\/v2\/pages\/58\/revisions\/6021"}],"up":[{"embeddable":true,"href":"https:\/\/consportoalegre.esteri.it\/it\/wp-json\/wp\/v2\/pages\/10"}],"wp:attachment":[{"href":"https:\/\/consportoalegre.esteri.it\/it\/wp-json\/wp\/v2\/media?parent=58"}],"curies":[{"name":"wp","href":"https:\/\/api.w.org\/{rel}","templated":true}]}}

<p><strong>Luis Cavalieri</strong></p>
<p>Nato a San Paolo il 22 febbraio 1969, si è laureato in Scienze Politiche all&#8217;Università degli Studi di Perugia, specializzandosi in relazioni internazionali. È entrato nel servizio diplomatico nel 2002. A Roma ha prestato servizio presso la Direzione Generale per l&#8217;Integrazione Europea (DGIE), la Direzione Generale per le Americhe (DGAM), la Direzione Generale per la Globalizzazione e le Questioni Globali (DGMO) e la Direzione Generale per l&#8217;Africa, l&#8217;Asia e l&#8217;America Latina (DGAAAO). È stato Capo della Segreteria del Vice Ministro. Il suo ultimo incarico a Roma è stato quello di coordinatore dei processi multilaterali in America Latina. All&#8217;estero, è stato Secondo Segretario a Maputo (Mozambico), Console Aggiunto a Caracas (Venezuela), Primo Segretario e Vice Capo Missione a Montevideo (Uruguay), Consigliere a Madrid (Spagna) e Console Generale a Colonia (Germania) e, dal 24 agosto 2026, Console Generale a Porto Alegre.</p>

Luis Cavalieri Nato a San Paolo il 22 febbraio 1969, si è laureato in Scienze Politiche all&#8217;Università degli Studi di Perugia, specializzandosi in relazioni internazionali. È entrato nel servizio diplomatico nel 2002. A Roma ha prestato servizio presso la Direzione Generale per l&#8217;Integrazione Europea (DGIE), la Direzione Generale per le Americhe (DGAM), la Direzione Generale [&hellip;]
